the remainder when l is divided by i(-4).
1
Let y(r) = r**2 + 13*r + 21. What is the remainder when y(-14) is divided by 6?
5
Suppose -6*r = -5*r - 34. What is the remainder when 67 is divided by r?
33
Suppose 5*s - 2*s = 69. Calculate the remainder when s is divided by 9.
5
Suppose 22 - 6 = w. What is the remainder when 61 is divided by w?
13
Let h(t) = t**3 + t**2 - t + 2. Let a be h(-2). Suppose -12 = -a*m - 3*m. What is the remainder when 13 is divided by m?
1
Let g(s) = s**2 + 3*s + 6. Let o(a) = -a**2 + 3 + 3*a**2 - 2*a + 1. What is the remainder when o(4) is divided by g(-4)?
8
Let s(k) = 3*k**2 - 3*k + 1. Let w be s(3). Suppose -y = -1 - w. Calculate the remainder when 27 is divided by 8/y + (-68)/(-5).
13
Let i(n) = n**2 - 8*n + 9. What is the remainder when 32 is divided by i(9)?
14
Let k = 24 - 4. Let b(n) = -2*n**2 + 10*n - 6. Let u be b(4). Suppose 0 = -u*m + 4*x + x + 2, -3*m - 2*x + 41 = 0. What is the remainder when k is divided by m?
9
Suppose -3*p = -3*i + 6, 4*p + 5*i = -0*p + 19. Let c = p - -2. Suppose y - 5*m = 29, 51 = c*y - 2*m - m. What is the remainder when y is divided by 4?
2
Let j(m) = 2*m**3 + m - 2. Let w be j(3). Suppose -u - 2*d = -w, -5*u - 3*d + 2*d + 311 = 0. What is the remainder when u is divided by 13?
11
Suppose -4*p + 182 = 2*z, -3 = 3*z - 6. What is the remainder when p is divided by 16?
13
Let l be 2 + (2 - 0) + -5. Calculate the remainder when 33 is divided by (-63)/(-7) - l*3.
9
Let g(r) = -r**3 + 6*r**2 - 5*r + 5. Let i(t) = -2*t - 3. Calculate the remainder when g(4) is divided by i(-4).
2
Let b = 36 - 206. Let x = -33 - -64. What is the remainder when x is divided by b/(-15) + (-2)/6?
9
Suppose 0 = -97*a + 100*a - 45. What is the remainder when a is divided by 7?
1
Suppose -38 = 4*j + 3*o, -2*o - 1 - 3 = 0. What is the remainder when (-50)/(-8) - (-2)/j is divided by 3?
0
What is the remainder when 49 is divided by ((-3)/9)/((-7)/273)?
10
Let p = -116 + 123. Calculate the remainder when 20 is divided by p.
6
Let o(y) = 11*y + 1. What is the remainder when (-91)/(-4) - 1/(-4) is divided by o(1)?
11
Let r be (1 - -1)*(-15)/(-10). Let f = r + 2. Calculate the remainder when (3 - 1)/(2/9) is divided by f.
4
Let l = 7 - -3. Calculate the remainder when l is divided by 4.
2
Let z(q) = q + 29. What is the remainder when z(0) is divided by 15?
14
Let b be ((-4)/6)/((-4)/78). Suppose 7*s - 6*s = b. Calculate the remainder when 37 is divided by s.
11
Let v be (-2 - 12)/(1 + 0). Calculate the remainder when 25 is divided by v/(-21) + (-38)/(-6).
4
Suppose -12 = z - 5*z. Suppose -z*o + 15 = -0. Suppose 0 = o*y - y - 20. What is the remainder when y is divided by 2?
1
Let z(f) = -34*f + 2. What is the remainder when z(-1) is divided by 19?
17
Let p = 63 - 34. What is the remainder when 229 is divided by p?
26
Let u = 76 - 63. Suppose -192 = -y - 3*y - 2*s, 3*y - 151 = 2*s. What is the remainder when y is divided by u?
10
Let m(x) = x**3 + 5*x**2 - 9*x - 5. Let d = 2 - 8. Suppose 2*q - 68 = -2*l, -4*l + 170 = -3*q + 6. What is the remainder when l is divided by m(d)?
12
Calculate the remainder when 29 is divided by 0 - (-6)/((-18)/(-15)) - 0.
4
Suppose 3*p - 55 - 62 = 5*f, 2*p - 3*f - 77 = 0. Calculate the remainder when p is divided by 18.
16
Suppose 4*b + 85 = 9*b. What is the remainder when b is divided by 9?
8
Let l = 2 + -6. Let f = 6 + l. Suppose 0 = -2*t - 2, 4*o - 2*t - f*t - 104 = 0. What is the remainder when o is divided by 9?
7
Let w = -13 - -25. Suppose -2*o + 0*o = -342. Suppose -f = 5*s - o, 5*s - 100 = 3*f + 87. What is the remainder when s is divided by w?
11
Suppose 0 = -p + 3 + 2. Suppose -2*d = 3*k - 2, 2*d = -3*d - 10. Suppose 7*x - 70 = k*x. What is the remainder when x is divided by p?
4
Suppose -4*b - b + 20 = 0. Suppose -6 = b*n - 30. What is the remainder when (51/(-6))/(2/(-4)) is divided by n?
5
Let y = 135 + -90. Suppose 6*l = l + y. Calculate the remainder when 26 is divided by l.
8
Suppose c = -2*o - 5 + 4, 10 = -c - 5*o. Suppose c*v - 3*v = 16. Suppose 0 = w + 10 - 15. Calculate the remainder when v is divided by w.
3
Suppose -38 = -7*k + 88. Calculate the remainder when 71 is divided by k.
17
Calculate the remainder when 4 is divided by (30/(-40))/(3/(-8)).
0
What is the remainder when ((-4)/(-5))/(4/30) is divided by 3?
0
Suppose -4*t = -2*l + 96, -5*l + 4*t + 52 = -188. Suppose -y = 4*y - 50. Let h = l - y. Calculate the remainder when h is divided by 10.
8
Suppose 3*c + 4*f - 21 = 128, -4*c + 3*f = -232. Calculate the remainder when c is divided by 1/(3/126*3).
13
Let j = 23 + -22. Let i(l) be the first derivative of 17*l**4/4 - 2*l**3/3 + l**2/2 + 1. What is the remainder when i(j) is divided by 9?
7
Suppose -2*r - 2 = -0. Calculate the remainder when 23 is divided by r - (-8)/4 - -11.
11
Suppose -f - l = -57, -4*l + 3*l + 277 = 5*f. Suppose -2*o = -3*s + 3*o + 8, 0 = -5*s + 4*o + 22. Let v = 13 + s. What is the remainder when f is divided by v?
17
Let a(y) = -y**3 + 3*y**2 + 6*y - 5. Let o be a(4). Suppose 0*p + 3*t = o*p - 174, -3*p + 195 = 4*t. What is the remainder when p is divided by 16?
13
Suppose 2*t = -3*q + 45, 0*q + 3*q + 9 = 0. What is the remainder when t is divided by 10?
7
Let s = -15 - 0. Let j = s - -29. Let d(t) = t**3 - 6*t**2 - 7*t + 8. Calculate the remainder when j is divided by d(7).
6
Let z = 58 + -11. Calculate the remainder when z is divided by 8.
7
Let r(l) = 17*l**3 - 2*l**2 + 1. Let v be 2*((-2)/4)/(-1). Calculate the remainder when r(v) is divided by 10/(-15) - (-116)/12.
7
Suppose 5*v = -3*v + 232. What is the remainder when 113 is divided by v?
26
Let x(a) = -a**3 - 7*a**2 - 4*a - 5. What is the remainder when 56 is divided by x(-7)?
10
Let z(o) = 13*o**2 + 4*o + 2. Let i be z(-2). Let y = i - 15. Calculate the remainder when y is divided by 11.
9
Suppose -z + 2 = -1. Suppose -z*v + 38 = 5. Let o(u) = 9*u + 2. What is the remainder when o(2) is divided by v?
9
Let q = 138 + -33. Suppose 2*v - 3*w = 2*w + 99, -q = -2*v - w. Calculate the remainder when v is divided by 18.
16
Let o(f) be the third derivative of -7/3*f**3 + 3/8*f**4 - 1/6*f**5 + 0*f - 1/120*f**6 + 3*f**2 + 0. Calculate the remainder when 29 is divided by o(-11).
5
Suppose -6 = -x + 63. What is the remainder when x is divided by 18?
15
Let m(i) = -2*i + 6. Let v be m(7). Calculate the remainder when 4 is divided by 1/(-4) + (-26)/v.
1
Let z = -3 - -3. Suppose 2*u - 69 - 241 = z. Suppose 3*i - 4*q - u = 0, 0*i + i - 73 = -4*q. What is the remainder when i is divided by 15?
12
Let t = 52 - 90. Let x = -26 - t. Calculate the remainder when 34 is divided by x.
10
Suppose -4*i - 33 = -7*i. Suppose 0 = -2*x + i + 39. Calculate the remainder when 47 is divided by x.
22
Let o = -21 + 27. What is the remainder when o is divided by (-2)/4 + 7/2?
0
Suppose -4*r = 35 - 115. Calculate the remainder when 139 is divided by r.
19
Let d be 2*((-310)/4)/(-5). Let r = -21 + d. Calculate the remainder when 19 is divided by r.
9
Suppose 3*b + 2*k - 14 = k, k - 22 = -5*b. What is the remainder when 14 is divided by b?
2
Suppose 0 = 4*i - x - 59, -22 - 4 = -2*i + 4*x. What is the remainder when 119 is divided by i?
14
Let v = 5 - -89. What is the remainder when v is divided by 19?
18
Let b(j) = j**2 + 20. Suppose -5*p + 2*d = -29 - 4, -3*p = 3*d - 24. Calculate the remainder when b(0) is divided by p.
6
Suppose -4 = -3*g + 8. Suppose -g*w = -0*w + 192. What is the remainder when (0 - 2)/(4/w) is divided by 13?
11
Suppose -7 = 3*c - 1, 3*c = 5*z - 11. Calculate the remainder when 3 is divided by z.
0
Suppose r = -0 + 5. What is the remainder when r is divided by 2?
1
Let q be 4/18 + 453/27. Let o = q + -11. Suppose -n + 46 = 4*n + x, 3*x + 2 = -n. Calculate the remainder when n is divided by o.
4
Let u = 15 + -5. Suppose -p - 57 = -4*p. What is the remainder when p is divided by u?
9
Suppose 1 = 3*u - 2*g + 4, -5*u = 4*g + 27. Calculate the remainder when 11 is divided by 6/((-1)/(u/6)).
2
What is the remainder when (-4)/6*(-1269)/(12 - 3) is divided by 25?
19
Calculate the remainder when 10 is divided by 8/(-24) + (-10)/(-3).
1
Suppose 7 = 2*i - 9. Suppose -2*o - 4*j + 36 = 6, 4*o + j = 60. What is the remainder when o is divided by i?
7
Let z(r) = 4*r. Suppose 3*d - 2*a - 102 = -6*a, -3*d = 2*a -